{"id":679,"date":"2024-12-18T20:06:10","date_gmt":"2024-12-18T23:06:10","guid":{"rendered":"https:\/\/hvflorianopolis.com.br\/home\/?post_type=product&#038;p=679"},"modified":"2025-01-28T10:21:44","modified_gmt":"2025-01-28T13:21:44","slug":"elefante-de-pelucia-petcute","status":"publish","type":"product","link":"https:\/\/hvflorianopolis.com.br\/home\/produto\/elefante-de-pelucia-petcute\/","title":{"rendered":"Elefante de Pel\u00facia PetCute"},"content":{"rendered":"","protected":false},"excerpt":{"rendered":"<p>O <strong>Elefante de Pel\u00facia<\/strong> \u00e9 o companheiro ideal para o seu pet! Com textura macia e design encantador, proporciona divers\u00e3o, alivia o estresse e estimula a atividade f\u00edsica dos c\u00e3es de todas as idades e portes.<\/p>\n","protected":false},"featured_media":685,"comment_status":"open","ping_status":"closed","template":"","meta":[],"product_brand":[],"product_cat":[290],"product_tag":[228,230,231,227,226,194,195,225,232,229],"class_list":{"0":"post-679","1":"product","2":"type-product","3":"status-publish","4":"has-post-thumbnail","6":"product_cat-brinquedos","7":"product_tag-alivio-do-estresse-em-caes","8":"product_tag-atividade-fisica-para-caes","9":"product_tag-brinquedo-antistress-para-pets","10":"product_tag-brinquedo-interativo-para-cachorros","11":"product_tag-brinquedo-macio-para-pets","12":"product_tag-brinquedo-resistente-para-pets","13":"product_tag-diversao-para-caes","14":"product_tag-elefante-de-pelucia-para-caes","15":"product_tag-pelucia-de-alta-qualidade-para-pets","16":"product_tag-pelucia-segura-para-pets","18":"first","19":"instock","20":"shipping-taxable","21":"purchasable","22":"product-type-variable"},"_links":{"self":[{"href":"https:\/\/hvflorianopolis.com.br\/home\/wp-json\/wp\/v2\/product\/679","targetHints":{"allow":["GET"]}}],"collection":[{"href":"https:\/\/hvflorianopolis.com.br\/home\/wp-json\/wp\/v2\/product"}],"about":[{"href":"https:\/\/hvflorianopolis.com.br\/home\/wp-json\/wp\/v2\/types\/product"}],"replies":[{"embeddable":true,"href":"https:\/\/hvflorianopolis.com.br\/home\/wp-json\/wp\/v2\/comments?post=679"}],"wp:featuredmedia":[{"embeddable":true,"href":"https:\/\/hvflorianopolis.com.br\/home\/wp-json\/wp\/v2\/media\/685"}],"wp:attachment":[{"href":"https:\/\/hvflorianopolis.com.br\/home\/wp-json\/wp\/v2\/media?parent=679"}],"wp:term":[{"taxonomy":"product_brand","embeddable":true,"href":"https:\/\/hvflorianopolis.com.br\/home\/wp-json\/wp\/v2\/product_brand?post=679"},{"taxonomy":"product_cat","embeddable":true,"href":"https:\/\/hvflorianopolis.com.br\/home\/wp-json\/wp\/v2\/product_cat?post=679"},{"taxonomy":"product_tag","embeddable":true,"href":"https:\/\/hvflorianopolis.com.br\/home\/wp-json\/wp\/v2\/product_tag?post=679"}],"curies":[{"name":"wp","href":"https:\/\/api.w.org\/{rel}","templated":true}]}}