{"id":756,"date":"2025-02-21T11:03:23","date_gmt":"2025-02-21T14:03:23","guid":{"rendered":"https:\/\/hvflorianopolis.com.br\/home\/?post_type=product&#038;p=756"},"modified":"2025-02-21T11:03:53","modified_gmt":"2025-02-21T14:03:53","slug":"racao-farmina-vet-life-gastro-intestinal","status":"publish","type":"product","link":"https:\/\/hvflorianopolis.com.br\/home\/produto\/racao-farmina-vet-life-gastro-intestinal\/","title":{"rendered":"Ra\u00e7\u00e3o Farmina Vet Life Gastro-Intestinal"},"content":{"rendered":"<p><img decoding=\"async\" src=\"https:\/\/www.petlove.com.br\/static\/uploads\/banner_image\/image\/26233\/PlayBook_PetLove_-_VetLife.jpg\" alt=\"Banner de Produto\" \/><\/p>\n","protected":false},"excerpt":{"rendered":"<ul>\n<li><strong>Ra\u00e7\u00e3o super premium terap\u00eautica indicada para gatos adultos com problemas gastro intestinais.<\/strong><\/li>\n<li>Alta digestibilidade<\/li>\n<li>Alimento rico em MOS e FOS<\/li>\n<li>Presen\u00e7a de fibras altamente sol\u00faveis<\/li>\n<li>Presen\u00e7a de Omega 3<\/li>\n<\/ul>\n","protected":false},"featured_media":786,"comment_status":"open","ping_status":"closed","template":"","meta":[],"product_brand":[],"product_cat":[386],"product_tag":[],"class_list":{"0":"post-756","1":"product","2":"type-product","3":"status-publish","4":"has-post-thumbnail","6":"product_cat-racoes","8":"first","9":"outofstock","10":"shipping-taxable","11":"product-type-variable"},"_links":{"self":[{"href":"https:\/\/hvflorianopolis.com.br\/home\/wp-json\/wp\/v2\/product\/756","targetHints":{"allow":["GET"]}}],"collection":[{"href":"https:\/\/hvflorianopolis.com.br\/home\/wp-json\/wp\/v2\/product"}],"about":[{"href":"https:\/\/hvflorianopolis.com.br\/home\/wp-json\/wp\/v2\/types\/product"}],"replies":[{"embeddable":true,"href":"https:\/\/hvflorianopolis.com.br\/home\/wp-json\/wp\/v2\/comments?post=756"}],"wp:featuredmedia":[{"embeddable":true,"href":"https:\/\/hvflorianopolis.com.br\/home\/wp-json\/wp\/v2\/media\/786"}],"wp:attachment":[{"href":"https:\/\/hvflorianopolis.com.br\/home\/wp-json\/wp\/v2\/media?parent=756"}],"wp:term":[{"taxonomy":"product_brand","embeddable":true,"href":"https:\/\/hvflorianopolis.com.br\/home\/wp-json\/wp\/v2\/product_brand?post=756"},{"taxonomy":"product_cat","embeddable":true,"href":"https:\/\/hvflorianopolis.com.br\/home\/wp-json\/wp\/v2\/product_cat?post=756"},{"taxonomy":"product_tag","embeddable":true,"href":"https:\/\/hvflorianopolis.com.br\/home\/wp-json\/wp\/v2\/product_tag?post=756"}],"curies":[{"name":"wp","href":"https:\/\/api.w.org\/{rel}","templated":true}]}}