{"id":814,"date":"2025-02-25T10:29:58","date_gmt":"2025-02-25T13:29:58","guid":{"rendered":"https:\/\/hvflorianopolis.com.br\/home\/?post_type=product&#038;p=814"},"modified":"2025-02-25T10:31:46","modified_gmt":"2025-02-25T13:31:46","slug":"antipulgas-e-carrapatos-effipro-caes-20-a-40kg-268ml","status":"publish","type":"product","link":"https:\/\/hvflorianopolis.com.br\/home\/produto\/antipulgas-e-carrapatos-effipro-caes-20-a-40kg-268ml\/","title":{"rendered":"Antipulgas e Carrapatos Effipro C\u00e3es 20 a 40kg 2,68ml"},"content":{"rendered":"<p><span style=\"font-weight: 400;\">O Antipulgas e Carrapatos Virbac Effipro C\u00e3es de 20 at\u00e9 40 Kg \u00e9 um inseticida e carrapaticida a base de fipronil, pertencente \u00e0 fam\u00edlia dos fenilpiraz\u00f3is. Atua inibindo o complexo do \u00e1cido gama-aminobut\u00edrico (GABA), bloqueando, deste modo, a transfer\u00eancia pr\u00e9 e p\u00f3s sin\u00e1ptica dos \u00edons de cloro com os canais de cloro atrav\u00e9s das membranas celulares. Isto resulta na atividade n\u00e3o controlada do sistema nervoso central e morte dos insetos e carrapatos.<\/span><\/p>\n<p><span style=\"font-weight: 400;\">De acordo com os estudos realizados, as pulgas s\u00e3o mortas em 24 horas e os carrapatos em 48 horas ap\u00f3s o contato com o Fipronil.<\/span><\/p>\n<ul>\n<li><span style=\"font-weight: 400;\">Evita infesta\u00e7\u00f5es;<\/span><\/li>\n<li><span style=\"font-weight: 400;\">F\u00e1cil aplica\u00e7\u00e3o;<\/span><\/li>\n<li><span style=\"font-weight: 400;\">Protege e previne;<\/span><\/li>\n<li><span style=\"font-weight: 400;\">A\u00e7\u00e3o eficaz contra pulgas e carrapatos;<\/span><\/li>\n<li><span style=\"font-weight: 400;\">Indicado para filhotes acima de 8 semanas;<\/span><\/li>\n<li><span style=\"font-weight: 400;\">Auxilia no combate a dermatite al\u00e9rgica por picada de pulgas (DAPP).<\/span><\/li>\n<\/ul>\n<p><span style=\"font-weight: 400;\">* Consulte sempre o M\u00e9dico Veterin\u00e1rio de sua confian\u00e7a para o uso apropriado deste produto. Leia a bula ou informa\u00e7\u00f5es descritas na embalagem.<\/span><\/p>\n","protected":false},"excerpt":{"rendered":"<p><span style=\"font-weight: 400;\">O Antipulgas e Carrapatos <\/span><span style=\"font-weight: 400;\">Virbac<\/span><span style=\"font-weight: 400;\"> Effipro C\u00e3es de 10 at\u00e9 20 Kg, \u00e9 um inseticida e carrapaticida a base de fipronil, pertencente \u00e0 fam\u00edlia dos fenilpiraz\u00f3is.<\/span><\/p>\n<ul>\n<li><span style=\"font-weight: 400;\">Evita infesta\u00e7\u00f5es;<\/span><\/li>\n<li><span style=\"font-weight: 400;\">F\u00e1cil aplica\u00e7\u00e3o;<\/span><\/li>\n<li><span style=\"font-weight: 400;\">Protege e previne;<\/span><\/li>\n<li><span style=\"font-weight: 400;\">A\u00e7\u00e3o eficaz contra pulgas e carrapatos;<\/span><\/li>\n<li><span style=\"font-weight: 400;\">Indicado para filhotes acima de 8 semanas;<\/span><\/li>\n<li><span style=\"font-weight: 400;\">Auxilia no combate a dermatite al\u00e9rgica por picada de pulgas (DAPP).<\/span><\/li>\n<\/ul>\n","protected":false},"featured_media":850,"comment_status":"open","ping_status":"closed","template":"","meta":[],"product_brand":[],"product_cat":[399],"product_tag":[],"class_list":{"0":"post-814","1":"product","2":"type-product","3":"status-publish","4":"has-post-thumbnail","6":"product_cat-medicina-e-saude","8":"first","9":"instock","10":"shipping-taxable","11":"purchasable","12":"product-type-simple"},"_links":{"self":[{"href":"https:\/\/hvflorianopolis.com.br\/home\/wp-json\/wp\/v2\/product\/814","targetHints":{"allow":["GET"]}}],"collection":[{"href":"https:\/\/hvflorianopolis.com.br\/home\/wp-json\/wp\/v2\/product"}],"about":[{"href":"https:\/\/hvflorianopolis.com.br\/home\/wp-json\/wp\/v2\/types\/product"}],"replies":[{"embeddable":true,"href":"https:\/\/hvflorianopolis.com.br\/home\/wp-json\/wp\/v2\/comments?post=814"}],"wp:featuredmedia":[{"embeddable":true,"href":"https:\/\/hvflorianopolis.com.br\/home\/wp-json\/wp\/v2\/media\/850"}],"wp:attachment":[{"href":"https:\/\/hvflorianopolis.com.br\/home\/wp-json\/wp\/v2\/media?parent=814"}],"wp:term":[{"taxonomy":"product_brand","embeddable":true,"href":"https:\/\/hvflorianopolis.com.br\/home\/wp-json\/wp\/v2\/product_brand?post=814"},{"taxonomy":"product_cat","embeddable":true,"href":"https:\/\/hvflorianopolis.com.br\/home\/wp-json\/wp\/v2\/product_cat?post=814"},{"taxonomy":"product_tag","embeddable":true,"href":"https:\/\/hvflorianopolis.com.br\/home\/wp-json\/wp\/v2\/product_tag?post=814"}],"curies":[{"name":"wp","href":"https:\/\/api.w.org\/{rel}","templated":true}]}}